{"id":407,"date":"2019-06-18T10:10:36","date_gmt":"2019-06-18T10:10:36","guid":{"rendered":"http:\/\/marianaheredia.es\/?page_id=407"},"modified":"2025-06-25T05:36:15","modified_gmt":"2025-06-25T05:36:15","slug":"toma-de-tierra-columba-livia","status":"publish","type":"page","link":"http:\/\/marianaheredia.es\/?page_id=407","title":{"rendered":"Columba Livia"},"content":{"rendered":"\n<figure class=\"wp-block-image alignwide\"><img loading=\"lazy\" decoding=\"async\" width=\"1024\" height=\"683\" src=\"http:\/\/marianaheredia.es\/wp-content\/uploads\/2019\/06\/IMG_1260_web-1024x683.jpg\" alt=\"\" class=\"wp-image-408\" srcset=\"http:\/\/marianaheredia.es\/wp-content\/uploads\/2019\/06\/IMG_1260_web-1024x683.jpg 1024w, http:\/\/marianaheredia.es\/wp-content\/uploads\/2019\/06\/IMG_1260_web-300x200.jpg 300w, http:\/\/marianaheredia.es\/wp-content\/uploads\/2019\/06\/IMG_1260_web-768x512.jpg 768w, http:\/\/marianaheredia.es\/wp-content\/uploads\/2019\/06\/IMG_1260_web-500x333.jpg 500w, http:\/\/marianaheredia.es\/wp-content\/uploads\/2019\/06\/IMG_1260_web-800x533.jpg 800w, http:\/\/marianaheredia.es\/wp-content\/uploads\/2019\/06\/IMG_1260_web-1280x853.jpg 1280w, http:\/\/marianaheredia.es\/wp-content\/uploads\/2019\/06\/IMG_1260_web-1920x1280.jpg 1920w, http:\/\/marianaheredia.es\/wp-content\/uploads\/2019\/06\/IMG_1260_web-1200x800.jpg 1200w, http:\/\/marianaheredia.es\/wp-content\/uploads\/2019\/06\/IMG_1260_web-560x373.jpg 560w, http:\/\/marianaheredia.es\/wp-content\/uploads\/2019\/06\/IMG_1260_web-1140x760.jpg 1140w\" sizes=\"auto, (max-width: 1024px) 100vw, 1024px\" \/><\/figure>\n\n\n\n<div style=\"height:100px\" aria-hidden=\"true\" class=\"wp-block-spacer\"><\/div>\n\n\n\n<figure class=\"wp-block-gallery aligncenter has-nested-images columns-default wp-block-gallery-1 is-layout-flex wp-block-gallery-is-layout-flex\">\n<figure class=\"wp-block-image\"><img loading=\"lazy\" decoding=\"async\" width=\"300\" height=\"300\" data-id=\"445\" src=\"http:\/\/marianaheredia.es\/wp-content\/uploads\/2019\/06\/paloma-mochila_3.jpg\" alt=\"\" class=\"wp-image-445\" srcset=\"http:\/\/marianaheredia.es\/wp-content\/uploads\/2019\/06\/paloma-mochila_3.jpg 300w, http:\/\/marianaheredia.es\/wp-content\/uploads\/2019\/06\/paloma-mochila_3-150x150.jpg 150w, http:\/\/marianaheredia.es\/wp-content\/uploads\/2019\/06\/paloma-mochila_3-100x100.jpg 100w\" sizes=\"auto, (max-width: 300px) 100vw, 300px\" \/><\/figure>\n<\/figure>\n\n\n<div class=\"wp-block-image\">\n<figure class=\"aligncenter\"><img loading=\"lazy\" decoding=\"async\" width=\"577\" height=\"414\" src=\"http:\/\/marianaheredia.es\/wp-content\/uploads\/2019\/06\/gr\u00e1fico.jpg\" alt=\"\" class=\"wp-image-444\" srcset=\"http:\/\/marianaheredia.es\/wp-content\/uploads\/2019\/06\/gr\u00e1fico.jpg 577w, http:\/\/marianaheredia.es\/wp-content\/uploads\/2019\/06\/gr\u00e1fico-300x215.jpg 300w, http:\/\/marianaheredia.es\/wp-content\/uploads\/2019\/06\/gr\u00e1fico-500x359.jpg 500w, http:\/\/marianaheredia.es\/wp-content\/uploads\/2019\/06\/gr\u00e1fico-560x402.jpg 560w\" sizes=\"auto, (max-width: 577px) 100vw, 577px\" \/><figcaption class=\"wp-element-caption\">Revista Anillas, 1987<\/figcaption><\/figure>\n<\/div>\n\n<div class=\"wp-block-image\">\n<figure class=\"aligncenter\"><img loading=\"lazy\" decoding=\"async\" width=\"424\" height=\"220\" src=\"http:\/\/marianaheredia.es\/wp-content\/uploads\/2019\/06\/texto-anillas-corte.jpg\" alt=\"\" class=\"wp-image-448\" srcset=\"http:\/\/marianaheredia.es\/wp-content\/uploads\/2019\/06\/texto-anillas-corte.jpg 424w, http:\/\/marianaheredia.es\/wp-content\/uploads\/2019\/06\/texto-anillas-corte-300x156.jpg 300w\" sizes=\"auto, (max-width: 424px) 100vw, 424px\" \/><\/figure>\n<\/div>\n\n\n<figure class=\"wp-block-image alignwide\"><img loading=\"lazy\" decoding=\"async\" width=\"1024\" height=\"683\" src=\"http:\/\/marianaheredia.es\/wp-content\/uploads\/2019\/06\/IMG_1274_web-1024x683.jpg\" alt=\"\" class=\"wp-image-426\" srcset=\"http:\/\/marianaheredia.es\/wp-content\/uploads\/2019\/06\/IMG_1274_web-1024x683.jpg 1024w, http:\/\/marianaheredia.es\/wp-content\/uploads\/2019\/06\/IMG_1274_web-300x200.jpg 300w, http:\/\/marianaheredia.es\/wp-content\/uploads\/2019\/06\/IMG_1274_web-768x512.jpg 768w, http:\/\/marianaheredia.es\/wp-content\/uploads\/2019\/06\/IMG_1274_web-500x333.jpg 500w, http:\/\/marianaheredia.es\/wp-content\/uploads\/2019\/06\/IMG_1274_web-800x533.jpg 800w, http:\/\/marianaheredia.es\/wp-content\/uploads\/2019\/06\/IMG_1274_web-1280x853.jpg 1280w, http:\/\/marianaheredia.es\/wp-content\/uploads\/2019\/06\/IMG_1274_web-1920x1280.jpg 1920w, http:\/\/marianaheredia.es\/wp-content\/uploads\/2019\/06\/IMG_1274_web-1200x800.jpg 1200w, http:\/\/marianaheredia.es\/wp-content\/uploads\/2019\/06\/IMG_1274_web-560x373.jpg 560w, http:\/\/marianaheredia.es\/wp-content\/uploads\/2019\/06\/IMG_1274_web-1140x760.jpg 1140w\" sizes=\"auto, (max-width: 1024px) 100vw, 1024px\" \/><\/figure>\n\n\n\n<figure class=\"wp-block-image alignwide\"><img loading=\"lazy\" decoding=\"async\" width=\"1024\" height=\"683\" src=\"http:\/\/marianaheredia.es\/wp-content\/uploads\/2019\/06\/IMG_1295_web-1024x683.jpg\" alt=\"\" class=\"wp-image-410\" srcset=\"http:\/\/marianaheredia.es\/wp-content\/uploads\/2019\/06\/IMG_1295_web-1024x683.jpg 1024w, http:\/\/marianaheredia.es\/wp-content\/uploads\/2019\/06\/IMG_1295_web-300x200.jpg 300w, http:\/\/marianaheredia.es\/wp-content\/uploads\/2019\/06\/IMG_1295_web-768x512.jpg 768w, http:\/\/marianaheredia.es\/wp-content\/uploads\/2019\/06\/IMG_1295_web-500x333.jpg 500w, http:\/\/marianaheredia.es\/wp-content\/uploads\/2019\/06\/IMG_1295_web-800x533.jpg 800w, http:\/\/marianaheredia.es\/wp-content\/uploads\/2019\/06\/IMG_1295_web-1280x853.jpg 1280w, http:\/\/marianaheredia.es\/wp-content\/uploads\/2019\/06\/IMG_1295_web-1920x1280.jpg 1920w, http:\/\/marianaheredia.es\/wp-content\/uploads\/2019\/06\/IMG_1295_web-1200x800.jpg 1200w, http:\/\/marianaheredia.es\/wp-content\/uploads\/2019\/06\/IMG_1295_web-560x373.jpg 560w, http:\/\/marianaheredia.es\/wp-content\/uploads\/2019\/06\/IMG_1295_web-1140x760.jpg 1140w\" sizes=\"auto, (max-width: 1024px) 100vw, 1024px\" \/><figcaption class=\"wp-element-caption\"> Factor\u00eda Cultural Avil\u00e9s. Noche Blanca, 2019 <\/figcaption><\/figure>\n\n\n\n<div style=\"height:70px\" aria-hidden=\"true\" class=\"wp-block-spacer\"><\/div>\n\n\n\n<p class=\"has-small-font-size\">Las palomas mensajeras son conocidas por su capacidad para poder orientarse y encontrar el camino de regreso a su hogar desde grandes distancias. A pesar de esta capacidad las palomas brav\u00edas suelen ser sedentarias y raramente se alejan de su regi\u00f3n natal, lo que indicar\u00eda que esta habilidad ha sido potenciada y utilizada por el hombre desde la \u00e9poca de la Rep\u00fablica romana con fines militares y durante la Edad Media, momento en el fueron frecuentemente utilizadas en el \u00e1mbito del comercio y donde solo le estaba permitido poseer palomares a la nobleza, siendo \u00e9ste un s\u00edmbolo de poder y de control sobre la centralita.<br>Tras su domesticaci\u00f3n la paloma se ha expandido pr\u00e1cticamente por todos los continentes del mundo. Algunas palomas dom\u00e9sticas se han asilvestrado y llevan una vida semisalvaje en multitud de ciudades donde habitan. En cierto modo se plantea un paralelismo con procesos que se han dado en la poblaci\u00f3n, propios del f\u00e9nomeno urbano y los movimientos migratorios asociados. La paloma aparece como un ser parado, sedentario y cuya poblaci\u00f3n ha de someterse a controles.<\/p>\n\n\n\n<p class=\"has-small-font-size\">Al pensar la paloma como predecesora de  los actuales medios de comunicaci\u00f3n y trasmisi\u00f3n de datos, en un primer momento sustituidas por el tel\u00e9grafo, hasta  llegar a los sat\u00e9lites y el inmenso entremado de cables que discurre por la tierra y por los que circulan el 80% de las telecomunicaciones totales, hago una conexi\u00f3n entre estos dos cuerpos transmisores, las palomas y el cable. Ambos a su modo conductores y contenedores de la materia que compone el mensaje.  El cuerpo f\u00edsico de la paloma  conduc\u00eda el mensaje desde el lugar de suelta hasta el palomar, ya que la direcci\u00f3n de la comunicaci\u00f3n solo funciona en un sentido, en direcci\u00f3n al palomar. <\/p>\n\n\n\n<p class=\"has-small-font-size\">Durante la Noche Blanca de Avil\u00e9s, instalo en uno de los cubos distribuidos en la calle a la entrada de la Factor\u00eda Cultural una paloma realizada en gres. Fortuitamente un p\u00e1jaro caga encima del cubo completando la composici\u00f3n, El cubo est\u00e1 marcado con una X como indicador del palomar, el punto de retorno al que el animal sabe volver. En el interior del cuerpo de la paloma hay un papel enrollado que contiene un mensaje. La paloma desaparece a los pocos d\u00edas. <br><\/p>\n\n\n\n<p style=\"font-size:11px\">Referencias:  Wikipedia,  <em>Momentos estelares de la humanidad -La primera palabra a trav\u00e9s del oc\u00e9ano<\/em>\u2013 Stefan Zweig,<em> A geology of media<\/em> \u2013 Jussi Parikka,<em> Anillas<\/em> \u2013 Revista Real Federaci\u00f3n Colomb\u00f3fila Espa\u00f1ola, <em>Logbuch eines Luftkutschers -Die Ptolom\u00e4er- <\/em>Ludwig Harig <\/p>\n\n\n<div class=\"wp-block-image\">\n<figure class=\"aligncenter\"><img loading=\"lazy\" decoding=\"async\" width=\"683\" height=\"1024\" src=\"http:\/\/marianaheredia.es\/wp-content\/uploads\/2019\/07\/IMG_1334-683x1024.jpg\" alt=\"\" class=\"wp-image-457\" srcset=\"http:\/\/marianaheredia.es\/wp-content\/uploads\/2019\/07\/IMG_1334-683x1024.jpg 683w, http:\/\/marianaheredia.es\/wp-content\/uploads\/2019\/07\/IMG_1334-200x300.jpg 200w, http:\/\/marianaheredia.es\/wp-content\/uploads\/2019\/07\/IMG_1334-768x1152.jpg 768w, http:\/\/marianaheredia.es\/wp-content\/uploads\/2019\/07\/IMG_1334-333x500.jpg 333w, http:\/\/marianaheredia.es\/wp-content\/uploads\/2019\/07\/IMG_1334-533x800.jpg 533w, http:\/\/marianaheredia.es\/wp-content\/uploads\/2019\/07\/IMG_1334-853x1280.jpg 853w, http:\/\/marianaheredia.es\/wp-content\/uploads\/2019\/07\/IMG_1334-1280x1920.jpg 1280w, http:\/\/marianaheredia.es\/wp-content\/uploads\/2019\/07\/IMG_1334-1200x1800.jpg 1200w, http:\/\/marianaheredia.es\/wp-content\/uploads\/2019\/07\/IMG_1334-560x840.jpg 560w\" sizes=\"auto, (max-width: 683px) 100vw, 683px\" \/><figcaption class=\"wp-element-caption\">Huellas de paloma sobre mantel, 87 x 50 cm<\/figcaption><\/figure>\n<\/div>","protected":false},"excerpt":{"rendered":"<p>Las palomas mensajeras son conocidas por su capacidad para poder orientarse y encontrar el camino de regreso a su hogar desde grandes distancias. A pesar de esta capacidad las palomas brav\u00edas suelen ser sedentarias y raramente se alejan de su regi\u00f3n natal, lo que indicar\u00eda que esta habilidad ha sido potenciada y utilizada por el &hellip; <\/p>\n<p class=\"link-more\"><a href=\"http:\/\/marianaheredia.es\/?page_id=407\" class=\"more-link\">Continue reading<span class=\"screen-reader-text\"> &#8220;Columba Livia&#8221;<\/span><\/a><\/p>\n","protected":false},"author":1,"featured_media":0,"parent":0,"menu_order":0,"comment_status":"closed","ping_status":"closed","template":"templates\/wide-page-template.php","meta":{"_vp_format_video_url":"","_vp_image_focal_point":[],"footnotes":""},"class_list":["post-407","page","type-page","status-publish","hentry","no-thumbnail"],"_links":{"self":[{"href":"http:\/\/marianaheredia.es\/index.php?rest_route=\/wp\/v2\/pages\/407","targetHints":{"allow":["GET"]}}],"collection":[{"href":"http:\/\/marianaheredia.es\/index.php?rest_route=\/wp\/v2\/pages"}],"about":[{"href":"http:\/\/marianaheredia.es\/index.php?rest_route=\/wp\/v2\/types\/page"}],"author":[{"embeddable":true,"href":"http:\/\/marianaheredia.es\/index.php?rest_route=\/wp\/v2\/users\/1"}],"replies":[{"embeddable":true,"href":"http:\/\/marianaheredia.es\/index.php?rest_route=%2Fwp%2Fv2%2Fcomments&post=407"}],"version-history":[{"count":20,"href":"http:\/\/marianaheredia.es\/index.php?rest_route=\/wp\/v2\/pages\/407\/revisions"}],"predecessor-version":[{"id":771,"href":"http:\/\/marianaheredia.es\/index.php?rest_route=\/wp\/v2\/pages\/407\/revisions\/771"}],"wp:attachment":[{"href":"http:\/\/marianaheredia.es\/index.php?rest_route=%2Fwp%2Fv2%2Fmedia&parent=407"}],"curies":[{"name":"wp","href":"https:\/\/api.w.org\/{rel}","templated":true}]}}

<figure class="wp-block-image alignwide"><img loading="lazy" decoding="async" width="1024" height="683" src="http://marianaheredia.es/wp-content/uploads/2019/06/IMG_1260_web-1024x683.jpg" alt="" class="wp-image-408" srcset="http://marianaheredia.es/wp-content/uploads/2019/06/IMG_1260_web-1024x683.jpg 1024w, http://marianaheredia.es/wp-content/uploads/2019/06/IMG_1260_web-300x200.jpg 300w, http://marianaheredia.es/wp-content/uploads/2019/06/IMG_1260_web-768x512.jpg 768w, http://marianaheredia.es/wp-content/uploads/2019/06/IMG_1260_web-500x333.jpg 500w, http://marianaheredia.es/wp-content/uploads/2019/06/IMG_1260_web-800x533.jpg 800w, http://marianaheredia.es/wp-content/uploads/2019/06/IMG_1260_web-1280x853.jpg 1280w, http://marianaheredia.es/wp-content/uploads/2019/06/IMG_1260_web-1920x1280.jpg 1920w, http://marianaheredia.es/wp-content/uploads/2019/06/IMG_1260_web-1200x800.jpg 1200w, http://marianaheredia.es/wp-content/uploads/2019/06/IMG_1260_web-560x373.jpg 560w, http://marianaheredia.es/wp-content/uploads/2019/06/IMG_1260_web-1140x760.jpg 1140w" sizes="auto, (max-width: 1024px) 100vw, 1024px" /></figure>



<div style="height:100px" aria-hidden="true" class="wp-block-spacer"></div>



<figure class="wp-block-gallery aligncenter has-nested-images columns-default wp-block-gallery-1 is-layout-flex wp-block-gallery-is-layout-flex">
<figure class="wp-block-image"><img loading="lazy" decoding="async" width="300" height="300" data-id="445" src="http://marianaheredia.es/wp-content/uploads/2019/06/paloma-mochila_3.jpg" alt="" class="wp-image-445" srcset="http://marianaheredia.es/wp-content/uploads/2019/06/paloma-mochila_3.jpg 300w, http://marianaheredia.es/wp-content/uploads/2019/06/paloma-mochila_3-150x150.jpg 150w, http://marianaheredia.es/wp-content/uploads/2019/06/paloma-mochila_3-100x100.jpg 100w" sizes="auto, (max-width: 300px) 100vw, 300px" /></figure>
</figure>


<div class="wp-block-image">
<figure class="aligncenter"><img loading="lazy" decoding="async" width="577" height="414" src="http://marianaheredia.es/wp-content/uploads/2019/06/gráfico.jpg" alt="" class="wp-image-444" srcset="http://marianaheredia.es/wp-content/uploads/2019/06/gráfico.jpg 577w, http://marianaheredia.es/wp-content/uploads/2019/06/gráfico-300x215.jpg 300w, http://marianaheredia.es/wp-content/uploads/2019/06/gráfico-500x359.jpg 500w, http://marianaheredia.es/wp-content/uploads/2019/06/gráfico-560x402.jpg 560w" sizes="auto, (max-width: 577px) 100vw, 577px" /><figcaption class="wp-element-caption">Revista Anillas, 1987</figcaption></figure>
</div>

<div class="wp-block-image">
<figure class="aligncenter"><img loading="lazy" decoding="async" width="424" height="220" src="http://marianaheredia.es/wp-content/uploads/2019/06/texto-anillas-corte.jpg" alt="" class="wp-image-448" srcset="http://marianaheredia.es/wp-content/uploads/2019/06/texto-anillas-corte.jpg 424w, http://marianaheredia.es/wp-content/uploads/2019/06/texto-anillas-corte-300x156.jpg 300w" sizes="auto, (max-width: 424px) 100vw, 424px" /></figure>
</div>


<figure class="wp-block-image alignwide"><img loading="lazy" decoding="async" width="1024" height="683" src="http://marianaheredia.es/wp-content/uploads/2019/06/IMG_1274_web-1024x683.jpg" alt="" class="wp-image-426" srcset="http://marianaheredia.es/wp-content/uploads/2019/06/IMG_1274_web-1024x683.jpg 1024w, http://marianaheredia.es/wp-content/uploads/2019/06/IMG_1274_web-300x200.jpg 300w, http://marianaheredia.es/wp-content/uploads/2019/06/IMG_1274_web-768x512.jpg 768w, http://marianaheredia.es/wp-content/uploads/2019/06/IMG_1274_web-500x333.jpg 500w, http://marianaheredia.es/wp-content/uploads/2019/06/IMG_1274_web-800x533.jpg 800w, http://marianaheredia.es/wp-content/uploads/2019/06/IMG_1274_web-1280x853.jpg 1280w, http://marianaheredia.es/wp-content/uploads/2019/06/IMG_1274_web-1920x1280.jpg 1920w, http://marianaheredia.es/wp-content/uploads/2019/06/IMG_1274_web-1200x800.jpg 1200w, http://marianaheredia.es/wp-content/uploads/2019/06/IMG_1274_web-560x373.jpg 560w, http://marianaheredia.es/wp-content/uploads/2019/06/IMG_1274_web-1140x760.jpg 1140w" sizes="auto, (max-width: 1024px) 100vw, 1024px" /></figure>



<figure class="wp-block-image alignwide"><img loading="lazy" decoding="async" width="1024" height="683" src="http://marianaheredia.es/wp-content/uploads/2019/06/IMG_1295_web-1024x683.jpg" alt="" class="wp-image-410" srcset="http://marianaheredia.es/wp-content/uploads/2019/06/IMG_1295_web-1024x683.jpg 1024w, http://marianaheredia.es/wp-content/uploads/2019/06/IMG_1295_web-300x200.jpg 300w, http://marianaheredia.es/wp-content/uploads/2019/06/IMG_1295_web-768x512.jpg 768w, http://marianaheredia.es/wp-content/uploads/2019/06/IMG_1295_web-500x333.jpg 500w, http://marianaheredia.es/wp-content/uploads/2019/06/IMG_1295_web-800x533.jpg 800w, http://marianaheredia.es/wp-content/uploads/2019/06/IMG_1295_web-1280x853.jpg 1280w, http://marianaheredia.es/wp-content/uploads/2019/06/IMG_1295_web-1920x1280.jpg 1920w, http://marianaheredia.es/wp-content/uploads/2019/06/IMG_1295_web-1200x800.jpg 1200w, http://marianaheredia.es/wp-content/uploads/2019/06/IMG_1295_web-560x373.jpg 560w, http://marianaheredia.es/wp-content/uploads/2019/06/IMG_1295_web-1140x760.jpg 1140w" sizes="auto, (max-width: 1024px) 100vw, 1024px" /><figcaption class="wp-element-caption"> Factoría Cultural Avilés. Noche Blanca, 2019 </figcaption></figure>



<div style="height:70px" aria-hidden="true" class="wp-block-spacer"></div>



<p class="has-small-font-size">Las palomas mensajeras son conocidas por su capacidad para poder orientarse y encontrar el camino de regreso a su hogar desde grandes distancias. A pesar de esta capacidad las palomas bravías suelen ser sedentarias y raramente se alejan de su región natal, lo que indicaría que esta habilidad ha sido potenciada y utilizada por el hombre desde la época de la República romana con fines militares y durante la Edad Media, momento en el fueron frecuentemente utilizadas en el ámbito del comercio y donde solo le estaba permitido poseer palomares a la nobleza, siendo éste un símbolo de poder y de control sobre la centralita.<br>Tras su domesticación la paloma se ha expandido prácticamente por todos los continentes del mundo. Algunas palomas domésticas se han asilvestrado y llevan una vida semisalvaje en multitud de ciudades donde habitan. En cierto modo se plantea un paralelismo con procesos que se han dado en la población, propios del fénomeno urbano y los movimientos migratorios asociados. La paloma aparece como un ser parado, sedentario y cuya población ha de someterse a controles.</p>



<p class="has-small-font-size">Al pensar la paloma como predecesora de  los actuales medios de comunicación y trasmisión de datos, en un primer momento sustituidas por el telégrafo, hasta  llegar a los satélites y el inmenso entremado de cables que discurre por la tierra y por los que circulan el 80% de las telecomunicaciones totales, hago una conexión entre estos dos cuerpos transmisores, las palomas y el cable. Ambos a su modo conductores y contenedores de la materia que compone el mensaje.  El cuerpo físico de la paloma  conducía el mensaje desde el lugar de suelta hasta el palomar, ya que la dirección de la comunicación solo funciona en un sentido, en dirección al palomar. </p>



<p class="has-small-font-size">Durante la Noche Blanca de Avilés, instalo en uno de los cubos distribuidos en la calle a la entrada de la Factoría Cultural una paloma realizada en gres. Fortuitamente un pájaro caga encima del cubo completando la composición, El cubo está marcado con una X como indicador del palomar, el punto de retorno al que el animal sabe volver. En el interior del cuerpo de la paloma hay un papel enrollado que contiene un mensaje. La paloma desaparece a los pocos días. <br></p>



<p style="font-size:11px">Referencias:  Wikipedia,  <em>Momentos estelares de la humanidad -La primera palabra a través del océano</em>– Stefan Zweig,<em> A geology of media</em> – Jussi Parikka,<em> Anillas</em> – Revista Real Federación Colombófila Española, <em>Logbuch eines Luftkutschers -Die Ptolomäer- </em>Ludwig Harig </p>


<div class="wp-block-image">
<figure class="aligncenter"><img loading="lazy" decoding="async" width="683" height="1024" src="http://marianaheredia.es/wp-content/uploads/2019/07/IMG_1334-683x1024.jpg" alt="" class="wp-image-457" srcset="http://marianaheredia.es/wp-content/uploads/2019/07/IMG_1334-683x1024.jpg 683w, http://marianaheredia.es/wp-content/uploads/2019/07/IMG_1334-200x300.jpg 200w, http://marianaheredia.es/wp-content/uploads/2019/07/IMG_1334-768x1152.jpg 768w, http://marianaheredia.es/wp-content/uploads/2019/07/IMG_1334-333x500.jpg 333w, http://marianaheredia.es/wp-content/uploads/2019/07/IMG_1334-533x800.jpg 533w, http://marianaheredia.es/wp-content/uploads/2019/07/IMG_1334-853x1280.jpg 853w, http://marianaheredia.es/wp-content/uploads/2019/07/IMG_1334-1280x1920.jpg 1280w, http://marianaheredia.es/wp-content/uploads/2019/07/IMG_1334-1200x1800.jpg 1200w, http://marianaheredia.es/wp-content/uploads/2019/07/IMG_1334-560x840.jpg 560w" sizes="auto, (max-width: 683px) 100vw, 683px" /><figcaption class="wp-element-caption">Huellas de paloma sobre mantel, 87 x 50 cm</figcaption></figure>
</div>

<p>Las palomas mensajeras son conocidas por su capacidad para poder orientarse y encontrar el camino de regreso a su hogar desde grandes distancias. A pesar de esta capacidad las palomas bravías suelen ser sedentarias y raramente se alejan de su región natal, lo que indicaría que esta habilidad ha sido potenciada y utilizada por el &hellip; </p>
<p class="link-more"><a href="http://marianaheredia.es/?page_id=407" class="more-link">Continue reading<span class="screen-reader-text"> &#8220;Columba Livia&#8221;</span></a></p>
